{"id":810,"date":"2024-05-31T15:53:40","date_gmt":"2024-05-31T15:53:40","guid":{"rendered":"https:\/\/renseksperten.com\/?page_id=810"},"modified":"2024-09-03T15:24:01","modified_gmt":"2024-09-03T15:24:01","slug":"kontakt-2","status":"publish","type":"page","link":"https:\/\/renseksperten.com\/index.php\/kontakt-2\/","title":{"rendered":"Kontakt"},"content":{"rendered":"\t\t<div data-elementor-type=\"wp-page\" data-elementor-id=\"810\" class=\"elementor elementor-810\">\n\t\t\t\t<div class=\"elementor-element elementor-element-e769d2e e-flex e-con-boxed e-con e-parent\" data-id=\"e769d2e\" data-element_type=\"container\">\n\t\t\t\t\t<div class=\"e-con-inner\">\n\t\t\t\t<div class=\"elementor-element elementor-element-33119d3 elementor-hidden-tablet elementor-hidden-mobile elementor-widget elementor-widget-heading\" data-id=\"33119d3\" data-element_type=\"widget\" data-widget_type=\"heading.default\">\n\t\t\t\t<div class=\"elementor-widget-container\">\n\t\t\t\t\t<h2 class=\"elementor-heading-title elementor-size-default\">KONTAKT<\/h2>\t\t\t\t<\/div>\n\t\t\t\t<\/div>\n\t\t\t\t\t<\/div>\n\t\t\t\t<\/div>\n\t\t<div class=\"elementor-element elementor-element-b072c7f e-flex e-con-boxed e-con e-parent\" data-id=\"b072c7f\" data-element_type=\"container\">\n\t\t\t\t\t<div class=\"e-con-inner\">\n\t\t\t\t<div class=\"elementor-element elementor-element-ba0f274 elementor-widget elementor-widget-spacer\" data-id=\"ba0f274\" data-element_type=\"widget\" data-widget_type=\"spacer.default\">\n\t\t\t\t<div class=\"elementor-widget-container\">\n\t\t\t\t\t\t\t<div class=\"elementor-spacer\">\n\t\t\t<div class=\"elementor-spacer-inner\"><\/div>\n\t\t<\/div>\n\t\t\t\t\t\t<\/div>\n\t\t\t\t<\/div>\n\t\t\t\t<div class=\"elementor-element elementor-element-e3a72b5 elementor-widget-mobile__width-initial elementor-hidden-desktop elementor-widget elementor-widget-heading\" data-id=\"e3a72b5\" data-element_type=\"widget\" data-settings=\"{&quot;_animation_mobile&quot;:&quot;fadeIn&quot;}\" data-widget_type=\"heading.default\">\n\t\t\t\t<div class=\"elementor-widget-container\">\n\t\t\t\t\t<h2 class=\"elementor-heading-title elementor-size-default\">KONTAKT<\/h2>\t\t\t\t<\/div>\n\t\t\t\t<\/div>\n\t\t\t\t\t<\/div>\n\t\t\t\t<\/div>\n\t\t<div class=\"elementor-element elementor-element-d309880 e-flex e-con-boxed e-con e-parent\" data-id=\"d309880\" data-element_type=\"container\">\n\t\t\t\t\t<div class=\"e-con-inner\">\n\t\t<div class=\"elementor-element elementor-element-2183210 e-con-full e-flex e-con e-child\" data-id=\"2183210\" data-element_type=\"container\">\n\t\t\t\t<div class=\"elementor-element elementor-element-0cfdbdf elementor-widget elementor-widget-wpforms\" data-id=\"0cfdbdf\" data-element_type=\"widget\" data-widget_type=\"wpforms.default\">\n\t\t\t\t<div class=\"elementor-widget-container\">\n\t\t\t\t\t<div class=\"wpforms-container wpforms-container-full\" id=\"wpforms-1440\"><form id=\"wpforms-form-1440\" class=\"wpforms-validate wpforms-form wpforms-ajax-form\" data-formid=\"1440\" method=\"post\" enctype=\"multipart\/form-data\" action=\"\/index.php\/wp-json\/wp\/v2\/pages\/810\" data-token=\"9b4bb19cbd110a68d8e37dbbd34a8f8f\" data-token-time=\"1776341819\"><div class=\"wpforms-head-container\"><div class=\"wpforms-title\">Send besked til Renseksperten<\/div><\/div><noscript class=\"wpforms-error-noscript\">Please enable JavaScript in your browser to complete this form.<\/noscript><div class=\"wpforms-field-container\"><div id=\"wpforms-1440-field_0-container\" class=\"wpforms-field wpforms-field-name\" data-field-id=\"0\"><label class=\"wpforms-field-label\" for=\"wpforms-1440-field_0\">Dit navn <span class=\"wpforms-required-label\">*<\/span><\/label><input type=\"text\" id=\"wpforms-1440-field_0\" class=\"wpforms-field-medium wpforms-field-required\" name=\"wpforms[fields][0]\" required><div class=\"wpforms-field-description\">skriv dit navn og efternavn<\/div><\/div><div id=\"wpforms-1440-field_4-container\" class=\"wpforms-field wpforms-field-text\" data-field-id=\"4\"><label class=\"wpforms-field-label\" for=\"wpforms-1440-field_4\">telefonnummer <span class=\"wpforms-required-label\">*<\/span><\/label><input type=\"text\" id=\"wpforms-1440-field_4\" class=\"wpforms-field-medium wpforms-field-required\" name=\"wpforms[fields][4]\" required><\/div><div id=\"wpforms-1440-field_1-container\" class=\"wpforms-field wpforms-field-email\" data-field-id=\"1\"><label class=\"wpforms-field-label\" for=\"wpforms-1440-field_1\">E- mail- adresse <span class=\"wpforms-required-label\">*<\/span><\/label><input type=\"email\" id=\"wpforms-1440-field_1\" class=\"wpforms-field-medium wpforms-field-required\" name=\"wpforms[fields][1]\" spellcheck=\"false\" required><\/div><div id=\"wpforms-1440-field_6-container\" class=\"wpforms-field wpforms-field-checkbox\" data-field-id=\"6\"><label class=\"wpforms-field-label\">Hvad du vil sp\u00f8rge om?<\/label><ul id=\"wpforms-1440-field_6\"><li class=\"choice-1 depth-1\"><input type=\"checkbox\" id=\"wpforms-1440-field_6_1\" name=\"wpforms[fields][6][]\" value=\"rensning af sofa\"  ><label class=\"wpforms-field-label-inline\" for=\"wpforms-1440-field_6_1\">rensning af sofa<\/label><\/li><li class=\"choice-2 depth-1\"><input type=\"checkbox\" id=\"wpforms-1440-field_6_2\" name=\"wpforms[fields][6][]\" value=\"rensning af stol eller l\u00e6nestol\"  ><label class=\"wpforms-field-label-inline\" for=\"wpforms-1440-field_6_2\">rensning af stol eller l\u00e6nestol<\/label><\/li><li class=\"choice-3 depth-1\"><input type=\"checkbox\" id=\"wpforms-1440-field_6_3\" name=\"wpforms[fields][6][]\" value=\"rensning af senge\"  ><label class=\"wpforms-field-label-inline\" for=\"wpforms-1440-field_6_3\">rensning af senge<\/label><\/li><li class=\"choice-4 depth-1\"><input type=\"checkbox\" id=\"wpforms-1440-field_6_4\" name=\"wpforms[fields][6][]\" value=\"rensning af gulvt\u00e6ppe\"  ><label class=\"wpforms-field-label-inline\" for=\"wpforms-1440-field_6_4\">rensning af gulvt\u00e6ppe<\/label><\/li><li class=\"choice-5 depth-1\"><input type=\"checkbox\" id=\"wpforms-1440-field_6_5\" name=\"wpforms[fields][6][]\" value=\"Jeg vil gerne sp\u00f8rge om noget andet\"  ><label class=\"wpforms-field-label-inline\" for=\"wpforms-1440-field_6_5\">Jeg vil gerne sp\u00f8rge om noget andet<\/label><\/li><\/ul><\/div><div id=\"wpforms-1440-field_2-container\" class=\"wpforms-field wpforms-field-textarea\" data-field-id=\"2\"><label class=\"wpforms-field-label\" for=\"wpforms-1440-field_2\">Din besked<\/label><textarea id=\"wpforms-1440-field_2\" class=\"wpforms-field-medium\" name=\"wpforms[fields][2]\" ><\/textarea><div class=\"wpforms-field-description\">For at tilpasse vores tilbud bedst muligt, bedes du oplys alle m\u00f8bler og t\u00e6pper, der skal reng\u00f8res, en beskrivelse af pletterne samt materialet i din besked.<\/div><\/div><\/div><!-- .wpforms-field-container --><div class=\"wpforms-submit-container\" ><input type=\"hidden\" name=\"wpforms[id]\" value=\"1440\"><input type=\"hidden\" name=\"page_title\" value=\"\"><input type=\"hidden\" name=\"page_url\" value=\"https:\/\/renseksperten.com\/index.php\/wp-json\/wp\/v2\/pages\/810\"><input type=\"hidden\" name=\"url_referer\" value=\"\"><button type=\"submit\" name=\"wpforms[submit]\" id=\"wpforms-submit-1440\" class=\"wpforms-submit\" aria-live=\"assertive\" value=\"wpforms-submit\">SEND<\/button><img decoding=\"async\" src=\"https:\/\/renseksperten.com\/wp-content\/plugins\/wpforms-lite\/assets\/images\/submit-spin.svg\" class=\"wpforms-submit-spinner\" style=\"display: none;\" width=\"26\" height=\"26\" alt=\"Loading\"><\/div><\/form><\/div>  <!-- .wpforms-container -->\t\t\t\t<\/div>\n\t\t\t\t<\/div>\n\t\t\t\t<\/div>\n\t\t<div class=\"elementor-element elementor-element-81cae2e e-con-full e-flex e-con e-child\" data-id=\"81cae2e\" data-element_type=\"container\">\n\t\t\t\t<div class=\"elementor-element elementor-element-93d6942 elementor-widget elementor-widget-spacer\" data-id=\"93d6942\" data-element_type=\"widget\" data-widget_type=\"spacer.default\">\n\t\t\t\t<div class=\"elementor-widget-container\">\n\t\t\t\t\t\t\t<div class=\"elementor-spacer\">\n\t\t\t<div class=\"elementor-spacer-inner\"><\/div>\n\t\t<\/div>\n\t\t\t\t\t\t<\/div>\n\t\t\t\t<\/div>\n\t\t\t\t<div class=\"elementor-element elementor-element-fa8774e elementor-widget elementor-widget-text-editor\" data-id=\"fa8774e\" data-element_type=\"widget\" data-widget_type=\"text-editor.default\">\n\t\t\t\t<div class=\"elementor-widget-container\">\n\t\t\t\t\t\t\t\t\t<p>Skriv til os her eller e-mail: <a rel=\"noreferrer\">kontakt@renseksperten.com<\/a>. For at tilpasse vores tilbud bedst muligt, bedes du angive alle m\u00f8bler og t\u00e6pper, der skal reng\u00f8res, en beskrivelse af pletterne samt materialet i din besked.<strong> Vi svarer inden for 24 timer!<\/strong><\/p>\t\t\t\t\t\t\t\t<\/div>\n\t\t\t\t<\/div>\n\t\t\t\t<\/div>\n\t\t\t\t\t<\/div>\n\t\t\t\t<\/div>\n\t\t<div class=\"elementor-element elementor-element-81b288d e-flex e-con-boxed e-con e-parent\" data-id=\"81b288d\" data-element_type=\"container\">\n\t\t\t\t\t<div class=\"e-con-inner\">\n\t\t\t\t<div class=\"elementor-element elementor-element-508dca5 elementor-widget elementor-widget-text-editor\" data-id=\"508dca5\" data-element_type=\"widget\" data-widget_type=\"text-editor.default\">\n\t\t\t\t<div class=\"elementor-widget-container\">\n\t\t\t\t\t\t\t\t\t<p>Rens Eksperten<br \/>N\u00e6ssundvej 122<br \/>9220 Aalborg \u00d8st<br \/>CVR: <span>43630431<\/span><\/p>\t\t\t\t\t\t\t\t<\/div>\n\t\t\t\t<\/div>\n\t\t\t\t\t<\/div>\n\t\t\t\t<\/div>\n\t\t\t\t<\/div>\n\t\t","protected":false},"excerpt":{"rendered":"<p>KONTAKT KONTAKT Send besked til RensekspertenPlease enable JavaScript in your browser to complete this form.Dit navn *skriv dit navn og efternavntelefonnummer *E- mail- adresse *Hvad du vil sp\u00f8rge om? rensning af sofa rensning af stol eller l\u00e6nestol rensning af senge rensning af gulvt\u00e6ppe Jeg vil gerne sp\u00f8rge om noget andet [&hellip;]<\/p>\n","protected":false},"author":1,"featured_media":0,"parent":0,"menu_order":0,"comment_status":"closed","ping_status":"closed","template":"page-templates\/template-pagebuilder-full-width.php","meta":{"footnotes":""},"class_list":["post-810","page","type-page","status-publish","hentry"],"yoast_head":"<!-- This site is optimized with the Yoast SEO plugin v25.8 - https:\/\/yoast.com\/wordpress\/plugins\/seo\/ -->\n<title>Kontakt - Rens Eksperten<\/title>\n<meta name=\"description\" content=\"Kontakt os for prisinformation p\u00e5 vores omfattende rens af sofaer. Vi tilbyder konkurrencedygtige priser og skr\u00e6ddersyede l\u00f8sninger til at passe dine behov.\" \/>\n<meta name=\"robots\" content=\"index, follow, max-snippet:-1, max-image-preview:large, max-video-preview:-1\" \/>\n<link rel=\"canonical\" href=\"https:\/\/renseksperten.com\/index.php\/kontakt-2\/\" \/>\n<meta property=\"og:locale\" content=\"da_DK\" \/>\n<meta property=\"og:type\" content=\"article\" \/>\n<meta property=\"og:title\" content=\"Kontakt - Rens Eksperten\" \/>\n<meta property=\"og:description\" content=\"Kontakt os for prisinformation p\u00e5 vores omfattende rens af sofaer. Vi tilbyder konkurrencedygtige priser og skr\u00e6ddersyede l\u00f8sninger til at passe dine behov.\" \/>\n<meta property=\"og:url\" content=\"https:\/\/renseksperten.com\/index.php\/kontakt-2\/\" \/>\n<meta property=\"og:site_name\" content=\"Rens Eksperten\" \/>\n<meta property=\"article:modified_time\" content=\"2024-09-03T15:24:01+00:00\" \/>\n<meta property=\"og:image\" content=\"https:\/\/renseksperten.com\/wp-content\/plugins\/wpforms-lite\/assets\/images\/submit-spin.svg\" \/>\n<meta name=\"twitter:card\" content=\"summary_large_image\" \/>\n<meta name=\"twitter:label1\" content=\"Estimeret l\u00e6setid\" \/>\n\t<meta name=\"twitter:data1\" content=\"1 minut\" \/>\n<script type=\"application\/ld+json\" class=\"yoast-schema-graph\">{\"@context\":\"https:\/\/schema.org\",\"@graph\":[{\"@type\":\"WebPage\",\"@id\":\"https:\/\/renseksperten.com\/index.php\/kontakt-2\/\",\"url\":\"https:\/\/renseksperten.com\/index.php\/kontakt-2\/\",\"name\":\"Kontakt - Rens Eksperten\",\"isPartOf\":{\"@id\":\"https:\/\/renseksperten.com\/#website\"},\"primaryImageOfPage\":{\"@id\":\"https:\/\/renseksperten.com\/index.php\/kontakt-2\/#primaryimage\"},\"image\":{\"@id\":\"https:\/\/renseksperten.com\/index.php\/kontakt-2\/#primaryimage\"},\"thumbnailUrl\":\"https:\/\/renseksperten.com\/wp-content\/plugins\/wpforms-lite\/assets\/images\/submit-spin.svg\",\"datePublished\":\"2024-05-31T15:53:40+00:00\",\"dateModified\":\"2024-09-03T15:24:01+00:00\",\"description\":\"Kontakt os for prisinformation p\u00e5 vores omfattende rens af sofaer. Vi tilbyder konkurrencedygtige priser og skr\u00e6ddersyede l\u00f8sninger til at passe dine behov.\",\"breadcrumb\":{\"@id\":\"https:\/\/renseksperten.com\/index.php\/kontakt-2\/#breadcrumb\"},\"inLanguage\":\"da-DK\",\"potentialAction\":[{\"@type\":\"ReadAction\",\"target\":[\"https:\/\/renseksperten.com\/index.php\/kontakt-2\/\"]}]},{\"@type\":\"ImageObject\",\"inLanguage\":\"da-DK\",\"@id\":\"https:\/\/renseksperten.com\/index.php\/kontakt-2\/#primaryimage\",\"url\":\"https:\/\/renseksperten.com\/wp-content\/plugins\/wpforms-lite\/assets\/images\/submit-spin.svg\",\"contentUrl\":\"https:\/\/renseksperten.com\/wp-content\/plugins\/wpforms-lite\/assets\/images\/submit-spin.svg\"},{\"@type\":\"BreadcrumbList\",\"@id\":\"https:\/\/renseksperten.com\/index.php\/kontakt-2\/#breadcrumb\",\"itemListElement\":[{\"@type\":\"ListItem\",\"position\":1,\"name\":\"Hjem\",\"item\":\"https:\/\/renseksperten.com\/\"},{\"@type\":\"ListItem\",\"position\":2,\"name\":\"Kontakt\"}]},{\"@type\":\"WebSite\",\"@id\":\"https:\/\/renseksperten.com\/#website\",\"url\":\"https:\/\/renseksperten.com\/\",\"name\":\"Rens Eksperten\",\"description\":\"Rensning af m\u00f8belstoffer og t\u00e6pper\",\"publisher\":{\"@id\":\"https:\/\/renseksperten.com\/#organization\"},\"potentialAction\":[{\"@type\":\"SearchAction\",\"target\":{\"@type\":\"EntryPoint\",\"urlTemplate\":\"https:\/\/renseksperten.com\/?s={search_term_string}\"},\"query-input\":{\"@type\":\"PropertyValueSpecification\",\"valueRequired\":true,\"valueName\":\"search_term_string\"}}],\"inLanguage\":\"da-DK\"},{\"@type\":\"Organization\",\"@id\":\"https:\/\/renseksperten.com\/#organization\",\"name\":\"Rens Eksperten\",\"url\":\"https:\/\/renseksperten.com\/\",\"logo\":{\"@type\":\"ImageObject\",\"inLanguage\":\"da-DK\",\"@id\":\"https:\/\/renseksperten.com\/#\/schema\/logo\/image\/\",\"url\":\"https:\/\/renseksperten.com\/wp-content\/uploads\/2024\/06\/Rens-eksperten-logo.png\",\"contentUrl\":\"https:\/\/renseksperten.com\/wp-content\/uploads\/2024\/06\/Rens-eksperten-logo.png\",\"width\":3239,\"height\":2362,\"caption\":\"Rens Eksperten\"},\"image\":{\"@id\":\"https:\/\/renseksperten.com\/#\/schema\/logo\/image\/\"}}]}<\/script>\n<!-- \/ Yoast SEO plugin. -->","yoast_head_json":{"title":"Kontakt - Rens Eksperten","description":"Kontakt os for prisinformation p\u00e5 vores omfattende rens af sofaer. Vi tilbyder konkurrencedygtige priser og skr\u00e6ddersyede l\u00f8sninger til at passe dine behov.","robots":{"index":"index","follow":"follow","max-snippet":"max-snippet:-1","max-image-preview":"max-image-preview:large","max-video-preview":"max-video-preview:-1"},"canonical":"https:\/\/renseksperten.com\/index.php\/kontakt-2\/","og_locale":"da_DK","og_type":"article","og_title":"Kontakt - Rens Eksperten","og_description":"Kontakt os for prisinformation p\u00e5 vores omfattende rens af sofaer. Vi tilbyder konkurrencedygtige priser og skr\u00e6ddersyede l\u00f8sninger til at passe dine behov.","og_url":"https:\/\/renseksperten.com\/index.php\/kontakt-2\/","og_site_name":"Rens Eksperten","article_modified_time":"2024-09-03T15:24:01+00:00","og_image":[{"url":"https:\/\/renseksperten.com\/wp-content\/plugins\/wpforms-lite\/assets\/images\/submit-spin.svg","type":"","width":"","height":""}],"twitter_card":"summary_large_image","twitter_misc":{"Estimeret l\u00e6setid":"1 minut"},"schema":{"@context":"https:\/\/schema.org","@graph":[{"@type":"WebPage","@id":"https:\/\/renseksperten.com\/index.php\/kontakt-2\/","url":"https:\/\/renseksperten.com\/index.php\/kontakt-2\/","name":"Kontakt - Rens Eksperten","isPartOf":{"@id":"https:\/\/renseksperten.com\/#website"},"primaryImageOfPage":{"@id":"https:\/\/renseksperten.com\/index.php\/kontakt-2\/#primaryimage"},"image":{"@id":"https:\/\/renseksperten.com\/index.php\/kontakt-2\/#primaryimage"},"thumbnailUrl":"https:\/\/renseksperten.com\/wp-content\/plugins\/wpforms-lite\/assets\/images\/submit-spin.svg","datePublished":"2024-05-31T15:53:40+00:00","dateModified":"2024-09-03T15:24:01+00:00","description":"Kontakt os for prisinformation p\u00e5 vores omfattende rens af sofaer. Vi tilbyder konkurrencedygtige priser og skr\u00e6ddersyede l\u00f8sninger til at passe dine behov.","breadcrumb":{"@id":"https:\/\/renseksperten.com\/index.php\/kontakt-2\/#breadcrumb"},"inLanguage":"da-DK","potentialAction":[{"@type":"ReadAction","target":["https:\/\/renseksperten.com\/index.php\/kontakt-2\/"]}]},{"@type":"ImageObject","inLanguage":"da-DK","@id":"https:\/\/renseksperten.com\/index.php\/kontakt-2\/#primaryimage","url":"https:\/\/renseksperten.com\/wp-content\/plugins\/wpforms-lite\/assets\/images\/submit-spin.svg","contentUrl":"https:\/\/renseksperten.com\/wp-content\/plugins\/wpforms-lite\/assets\/images\/submit-spin.svg"},{"@type":"BreadcrumbList","@id":"https:\/\/renseksperten.com\/index.php\/kontakt-2\/#breadcrumb","itemListElement":[{"@type":"ListItem","position":1,"name":"Hjem","item":"https:\/\/renseksperten.com\/"},{"@type":"ListItem","position":2,"name":"Kontakt"}]},{"@type":"WebSite","@id":"https:\/\/renseksperten.com\/#website","url":"https:\/\/renseksperten.com\/","name":"Rens Eksperten","description":"Rensning af m\u00f8belstoffer og t\u00e6pper","publisher":{"@id":"https:\/\/renseksperten.com\/#organization"},"potentialAction":[{"@type":"SearchAction","target":{"@type":"EntryPoint","urlTemplate":"https:\/\/renseksperten.com\/?s={search_term_string}"},"query-input":{"@type":"PropertyValueSpecification","valueRequired":true,"valueName":"search_term_string"}}],"inLanguage":"da-DK"},{"@type":"Organization","@id":"https:\/\/renseksperten.com\/#organization","name":"Rens Eksperten","url":"https:\/\/renseksperten.com\/","logo":{"@type":"ImageObject","inLanguage":"da-DK","@id":"https:\/\/renseksperten.com\/#\/schema\/logo\/image\/","url":"https:\/\/renseksperten.com\/wp-content\/uploads\/2024\/06\/Rens-eksperten-logo.png","contentUrl":"https:\/\/renseksperten.com\/wp-content\/uploads\/2024\/06\/Rens-eksperten-logo.png","width":3239,"height":2362,"caption":"Rens Eksperten"},"image":{"@id":"https:\/\/renseksperten.com\/#\/schema\/logo\/image\/"}}]}},"_links":{"self":[{"href":"https:\/\/renseksperten.com\/index.php\/wp-json\/wp\/v2\/pages\/810","targetHints":{"allow":["GET"]}}],"collection":[{"href":"https:\/\/renseksperten.com\/index.php\/wp-json\/wp\/v2\/pages"}],"about":[{"href":"https:\/\/renseksperten.com\/index.php\/wp-json\/wp\/v2\/types\/page"}],"author":[{"embeddable":true,"href":"https:\/\/renseksperten.com\/index.php\/wp-json\/wp\/v2\/users\/1"}],"replies":[{"embeddable":true,"href":"https:\/\/renseksperten.com\/index.php\/wp-json\/wp\/v2\/comments?post=810"}],"version-history":[{"count":79,"href":"https:\/\/renseksperten.com\/index.php\/wp-json\/wp\/v2\/pages\/810\/revisions"}],"predecessor-version":[{"id":1633,"href":"https:\/\/renseksperten.com\/index.php\/wp-json\/wp\/v2\/pages\/810\/revisions\/1633"}],"wp:attachment":[{"href":"https:\/\/renseksperten.com\/index.php\/wp-json\/wp\/v2\/media?parent=810"}],"curies":[{"name":"wp","href":"https:\/\/api.w.org\/{rel}","templated":true}]}}